{"id":179,"date":"2013-05-02T15:58:32","date_gmt":"2013-05-02T14:58:32","guid":{"rendered":"http:\/\/192.168.0.41:8888\/?post_type=avada_faq&#038;p=179"},"modified":"2013-05-02T15:58:32","modified_gmt":"2013-05-02T14:58:32","slug":"faut-il-une-prescription-medicale-pour-consulter-un-osteopathe","status":"publish","type":"avada_faq","link":"https:\/\/pes-moselle.fr\/yutz\/faq-items\/faut-il-une-prescription-medicale-pour-consulter-un-osteopathe\/","title":{"rendered":"Faut-il une prescription m\u00e9dicale pour consulter un Ost\u00e9opathe ?"},"content":{"rendered":"<p style=\"text-align: justify\"><strong>Non<\/strong>, depuis le\u00a0<a href=\"http:\/\/www.legifrance.gouv.fr\/affichTexte.do?cidTexte=JORFTEXT000000462001&amp;categorieLien=cid\">d\u00e9cret d&rsquo;application<\/a>\u00a0(mars 2007) et suite \u00e0 la l\u00e9galisation de l&rsquo;exercice de l&rsquo;ost\u00e9opathie le 4 mars 2002, l&rsquo;ost\u00e9opathe est un th\u00e9rapeute de premi\u00e8re intention, il n&rsquo;est donc pas n\u00e9cessaire de consulter un m\u00e9decin avant de venir voir son ost\u00e9opathe. De ce fait l&rsquo;ost\u00e9opathe d\u00fbment qualifi\u00e9\u00a0est habilit\u00e9 \u00e0 poser un diagnostic d\u2019exclusion, c&rsquo;est-\u00e0-dire \u00e0 orienter les patients qui pr\u00e9sentent des sympt\u00f4mes qui ne rentrent pas dans son champ de comp\u00e9tences vers un m\u00e9decin g\u00e9n\u00e9raliste ou sp\u00e9cialiste pour des examens compl\u00e9mentaires.<\/p>\n<p style=\"text-align: justify\">Cependant, une attestation d&rsquo;absence de contre-indication m\u00e9dicale \u00e0 l&rsquo;ost\u00e9opathie doit \u00eatre demand\u00e9e \u00e0 votre m\u00e9decin pour les actes suivants\u00a0:<\/p>\n<ul style=\"text-align: justify\">\n<li>Manipulations du cr\u00e2ne, de la face et du rachis chez le nourrisson de moins de 6 mois<\/li>\n<li>Manipulations du rachis cervical<\/li>\n<\/ul>\n<p style=\"text-align: justify\">Dans ce cas, votre ost\u00e9opathe vous expliquera la marche \u00e0 suivre.<\/p>\n","protected":false},"excerpt":{"rendered":"<p>Non, depuis le\u00a0d\u00e9cret d&rsquo;application\u00a0(mars 2007) et suite \u00e0 la l\u00e9galisation de l&rsquo;exercice de l&rsquo;ost\u00e9opathie le 4 mars 2002, l&rsquo;ost\u00e9opathe est un th\u00e9rapeute de premi\u00e8re intention, il n&rsquo;est donc pas n\u00e9cessaire de consulter un m\u00e9decin avant de venir voir son ost\u00e9opathe. De ce fait l&rsquo;ost\u00e9opathe d\u00fbment qualifi\u00e9\u00a0est habilit\u00e9 \u00e0 poser un diagnostic d\u2019exclusion, c&rsquo;est-\u00e0-dire \u00e0 orienter  [&#8230;]<\/p>\n","protected":false},"author":1,"featured_media":0,"menu_order":2,"comment_status":"open","ping_status":"closed","template":"","format":"standard","meta":{"footnotes":""},"faq_category":[2],"class_list":["post-179","avada_faq","type-avada_faq","status-publish","format-standard","hentry","faq_category-questions-generales"],"yoast_head":"<!-- This site is optimized with the Yoast SEO plugin v27.5 - https:\/\/yoast.com\/product\/yoast-seo-wordpress\/ -->\n<title>Faut-il une prescription m\u00e9dicale pour consulter un Ost\u00e9opathe ? - P\u00f4le Equilibre&amp;Sant\u00e9 de Yutz - Thionville<\/title>\n<meta name=\"robots\" content=\"index, follow, max-snippet:-1, max-image-preview:large, max-video-preview:-1\" \/>\n<link rel=\"canonical\" href=\"https:\/\/pes-moselle.fr\/yutz\/faq-items\/faut-il-une-prescription-medicale-pour-consulter-un-osteopathe\/\" \/>\n<meta property=\"og:locale\" content=\"fr_FR\" \/>\n<meta property=\"og:type\" content=\"article\" \/>\n<meta property=\"og:title\" content=\"Faut-il une prescription m\u00e9dicale pour consulter un Ost\u00e9opathe ? - P\u00f4le Equilibre&amp;Sant\u00e9 de Yutz - Thionville\" \/>\n<meta property=\"og:description\" content=\"Non, depuis le\u00a0d\u00e9cret d&rsquo;application\u00a0(mars 2007) et suite \u00e0 la l\u00e9galisation de l&rsquo;exercice de l&rsquo;ost\u00e9opathie le 4 mars 2002, l&rsquo;ost\u00e9opathe est un th\u00e9rapeute de premi\u00e8re intention, il n&rsquo;est donc pas n\u00e9cessaire de consulter un m\u00e9decin avant de venir voir son ost\u00e9opathe. De ce fait l&rsquo;ost\u00e9opathe d\u00fbment qualifi\u00e9\u00a0est habilit\u00e9 \u00e0 poser un diagnostic d\u2019exclusion, c&rsquo;est-\u00e0-dire \u00e0 orienter [...]\" \/>\n<meta property=\"og:url\" content=\"https:\/\/pes-moselle.fr\/yutz\/faq-items\/faut-il-une-prescription-medicale-pour-consulter-un-osteopathe\/\" \/>\n<meta property=\"og:site_name\" content=\"P\u00f4le Equilibre&amp;Sant\u00e9 de Yutz - Thionville\" \/>\n<meta name=\"twitter:card\" content=\"summary_large_image\" \/>\n<meta name=\"twitter:label1\" content=\"Dur\u00e9e de lecture estim\u00e9e\" \/>\n\t<meta name=\"twitter:data1\" content=\"1 minute\" \/>\n<script type=\"application\/ld+json\" class=\"yoast-schema-graph\">{\"@context\":\"https:\\\/\\\/schema.org\",\"@graph\":[{\"@type\":\"WebPage\",\"@id\":\"https:\\\/\\\/pes-moselle.fr\\\/yutz\\\/faq-items\\\/faut-il-une-prescription-medicale-pour-consulter-un-osteopathe\\\/\",\"url\":\"https:\\\/\\\/pes-moselle.fr\\\/yutz\\\/faq-items\\\/faut-il-une-prescription-medicale-pour-consulter-un-osteopathe\\\/\",\"name\":\"Faut-il une prescription m\u00e9dicale pour consulter un Ost\u00e9opathe ? - P\u00f4le Equilibre&amp;Sant\u00e9 de Yutz - Thionville\",\"isPartOf\":{\"@id\":\"https:\\\/\\\/pes-moselle.fr\\\/yutz\\\/#website\"},\"datePublished\":\"2013-05-02T14:58:32+00:00\",\"breadcrumb\":{\"@id\":\"https:\\\/\\\/pes-moselle.fr\\\/yutz\\\/faq-items\\\/faut-il-une-prescription-medicale-pour-consulter-un-osteopathe\\\/#breadcrumb\"},\"inLanguage\":\"fr-FR\",\"potentialAction\":[{\"@type\":\"ReadAction\",\"target\":[\"https:\\\/\\\/pes-moselle.fr\\\/yutz\\\/faq-items\\\/faut-il-une-prescription-medicale-pour-consulter-un-osteopathe\\\/\"]}]},{\"@type\":\"BreadcrumbList\",\"@id\":\"https:\\\/\\\/pes-moselle.fr\\\/yutz\\\/faq-items\\\/faut-il-une-prescription-medicale-pour-consulter-un-osteopathe\\\/#breadcrumb\",\"itemListElement\":[{\"@type\":\"ListItem\",\"position\":1,\"name\":\"Accueil\",\"item\":\"https:\\\/\\\/pes-moselle.fr\\\/yutz\\\/\"},{\"@type\":\"ListItem\",\"position\":2,\"name\":\"F.A.Q.\",\"item\":\"https:\\\/\\\/pes-moselle.fr\\\/yutz\\\/faq-items\\\/\"},{\"@type\":\"ListItem\",\"position\":3,\"name\":\"Faut-il une prescription m\u00e9dicale pour consulter un Ost\u00e9opathe ?\"}]},{\"@type\":\"WebSite\",\"@id\":\"https:\\\/\\\/pes-moselle.fr\\\/yutz\\\/#website\",\"url\":\"https:\\\/\\\/pes-moselle.fr\\\/yutz\\\/\",\"name\":\"P\u00f4le Equilibre&amp;Sant\u00e9 de Yutz - Thionville\",\"description\":\"\",\"potentialAction\":[{\"@type\":\"SearchAction\",\"target\":{\"@type\":\"EntryPoint\",\"urlTemplate\":\"https:\\\/\\\/pes-moselle.fr\\\/yutz\\\/?s={search_term_string}\"},\"query-input\":{\"@type\":\"PropertyValueSpecification\",\"valueRequired\":true,\"valueName\":\"search_term_string\"}}],\"inLanguage\":\"fr-FR\"}]}<\/script>\n<!-- \/ Yoast SEO plugin. -->","yoast_head_json":{"title":"Faut-il une prescription m\u00e9dicale pour consulter un Ost\u00e9opathe ? - P\u00f4le Equilibre&amp;Sant\u00e9 de Yutz - Thionville","robots":{"index":"index","follow":"follow","max-snippet":"max-snippet:-1","max-image-preview":"max-image-preview:large","max-video-preview":"max-video-preview:-1"},"canonical":"https:\/\/pes-moselle.fr\/yutz\/faq-items\/faut-il-une-prescription-medicale-pour-consulter-un-osteopathe\/","og_locale":"fr_FR","og_type":"article","og_title":"Faut-il une prescription m\u00e9dicale pour consulter un Ost\u00e9opathe ? - P\u00f4le Equilibre&amp;Sant\u00e9 de Yutz - Thionville","og_description":"Non, depuis le\u00a0d\u00e9cret d&rsquo;application\u00a0(mars 2007) et suite \u00e0 la l\u00e9galisation de l&rsquo;exercice de l&rsquo;ost\u00e9opathie le 4 mars 2002, l&rsquo;ost\u00e9opathe est un th\u00e9rapeute de premi\u00e8re intention, il n&rsquo;est donc pas n\u00e9cessaire de consulter un m\u00e9decin avant de venir voir son ost\u00e9opathe. De ce fait l&rsquo;ost\u00e9opathe d\u00fbment qualifi\u00e9\u00a0est habilit\u00e9 \u00e0 poser un diagnostic d\u2019exclusion, c&rsquo;est-\u00e0-dire \u00e0 orienter [...]","og_url":"https:\/\/pes-moselle.fr\/yutz\/faq-items\/faut-il-une-prescription-medicale-pour-consulter-un-osteopathe\/","og_site_name":"P\u00f4le Equilibre&amp;Sant\u00e9 de Yutz - Thionville","twitter_card":"summary_large_image","twitter_misc":{"Dur\u00e9e de lecture estim\u00e9e":"1 minute"},"schema":{"@context":"https:\/\/schema.org","@graph":[{"@type":"WebPage","@id":"https:\/\/pes-moselle.fr\/yutz\/faq-items\/faut-il-une-prescription-medicale-pour-consulter-un-osteopathe\/","url":"https:\/\/pes-moselle.fr\/yutz\/faq-items\/faut-il-une-prescription-medicale-pour-consulter-un-osteopathe\/","name":"Faut-il une prescription m\u00e9dicale pour consulter un Ost\u00e9opathe ? - P\u00f4le Equilibre&amp;Sant\u00e9 de Yutz - Thionville","isPartOf":{"@id":"https:\/\/pes-moselle.fr\/yutz\/#website"},"datePublished":"2013-05-02T14:58:32+00:00","breadcrumb":{"@id":"https:\/\/pes-moselle.fr\/yutz\/faq-items\/faut-il-une-prescription-medicale-pour-consulter-un-osteopathe\/#breadcrumb"},"inLanguage":"fr-FR","potentialAction":[{"@type":"ReadAction","target":["https:\/\/pes-moselle.fr\/yutz\/faq-items\/faut-il-une-prescription-medicale-pour-consulter-un-osteopathe\/"]}]},{"@type":"BreadcrumbList","@id":"https:\/\/pes-moselle.fr\/yutz\/faq-items\/faut-il-une-prescription-medicale-pour-consulter-un-osteopathe\/#breadcrumb","itemListElement":[{"@type":"ListItem","position":1,"name":"Accueil","item":"https:\/\/pes-moselle.fr\/yutz\/"},{"@type":"ListItem","position":2,"name":"F.A.Q.","item":"https:\/\/pes-moselle.fr\/yutz\/faq-items\/"},{"@type":"ListItem","position":3,"name":"Faut-il une prescription m\u00e9dicale pour consulter un Ost\u00e9opathe ?"}]},{"@type":"WebSite","@id":"https:\/\/pes-moselle.fr\/yutz\/#website","url":"https:\/\/pes-moselle.fr\/yutz\/","name":"P\u00f4le Equilibre&amp;Sant\u00e9 de Yutz - Thionville","description":"","potentialAction":[{"@type":"SearchAction","target":{"@type":"EntryPoint","urlTemplate":"https:\/\/pes-moselle.fr\/yutz\/?s={search_term_string}"},"query-input":{"@type":"PropertyValueSpecification","valueRequired":true,"valueName":"search_term_string"}}],"inLanguage":"fr-FR"}]}},"_links":{"self":[{"href":"https:\/\/pes-moselle.fr\/yutz\/wp-json\/wp\/v2\/avada_faq\/179","targetHints":{"allow":["GET"]}}],"collection":[{"href":"https:\/\/pes-moselle.fr\/yutz\/wp-json\/wp\/v2\/avada_faq"}],"about":[{"href":"https:\/\/pes-moselle.fr\/yutz\/wp-json\/wp\/v2\/types\/avada_faq"}],"author":[{"embeddable":true,"href":"https:\/\/pes-moselle.fr\/yutz\/wp-json\/wp\/v2\/users\/1"}],"replies":[{"embeddable":true,"href":"https:\/\/pes-moselle.fr\/yutz\/wp-json\/wp\/v2\/comments?post=179"}],"version-history":[{"count":0,"href":"https:\/\/pes-moselle.fr\/yutz\/wp-json\/wp\/v2\/avada_faq\/179\/revisions"}],"wp:attachment":[{"href":"https:\/\/pes-moselle.fr\/yutz\/wp-json\/wp\/v2\/media?parent=179"}],"wp:term":[{"taxonomy":"faq_category","embeddable":true,"href":"https:\/\/pes-moselle.fr\/yutz\/wp-json\/wp\/v2\/faq_category?post=179"}],"curies":[{"name":"wp","href":"https:\/\/api.w.org\/{rel}","templated":true}]}}

Faut-il une prescription médicale pour consulter un Ostéopathe ?

<p style="text-align: justify"><strong>Non</strong>, depuis le <a href="http://www.legifrance.gouv.fr/affichTexte.do?cidTexte=JORFTEXT000000462001&amp;categorieLien=cid">décret d&rsquo;application</a> (mars 2007) et suite à la légalisation de l&rsquo;exercice de l&rsquo;ostéopathie le 4 mars 2002, l&rsquo;ostéopathe est un thérapeute de première intention, il n&rsquo;est donc pas nécessaire de consulter un médecin avant de venir voir son ostéopathe. De ce fait l&rsquo;ostéopathe dûment qualifié est habilité à poser un diagnostic d’exclusion, c&rsquo;est-à-dire à orienter les patients qui présentent des symptômes qui ne rentrent pas dans son champ de compétences vers un médecin généraliste ou spécialiste pour des examens complémentaires.</p>
<p style="text-align: justify">Cependant, une attestation d&rsquo;absence de contre-indication médicale à l&rsquo;ostéopathie doit être demandée à votre médecin pour les actes suivants :</p>
<ul style="text-align: justify">
<li>Manipulations du crâne, de la face et du rachis chez le nourrisson de moins de 6 mois</li>
<li>Manipulations du rachis cervical</li>
</ul>
<p style="text-align: justify">Dans ce cas, votre ostéopathe vous expliquera la marche à suivre.</p>

<p>Non, depuis le décret d&rsquo;application (mars 2007) et suite à la légalisation de l&rsquo;exercice de l&rsquo;ostéopathie le 4 mars 2002, l&rsquo;ostéopathe est un thérapeute de première intention, il n&rsquo;est donc pas nécessaire de consulter un médecin avant de venir voir son ostéopathe. De ce fait l&rsquo;ostéopathe dûment qualifié est habilité à poser un diagnostic d’exclusion, c&rsquo;est-à-dire à orienter  [&#8230;]</p>

<!-- This site is optimized with the Yoast SEO plugin v27.5 - https://yoast.com/product/yoast-seo-wordpress/ -->
<title>Faut-il une prescription médicale pour consulter un Ostéopathe ? - Pôle Equilibre&amp;Santé de Yutz - Thionville</title>
<meta name="robots" content="index, follow, max-snippet:-1, max-image-preview:large, max-video-preview:-1" />
<link rel="canonical" href="https://pes-moselle.fr/yutz/faq-items/faut-il-une-prescription-medicale-pour-consulter-un-osteopathe/" />
<meta property="og:locale" content="fr_FR" />
<meta property="og:type" content="article" />
<meta property="og:title" content="Faut-il une prescription médicale pour consulter un Ostéopathe ? - Pôle Equilibre&amp;Santé de Yutz - Thionville" />
<meta property="og:description" content="Non, depuis le décret d&rsquo;application (mars 2007) et suite à la légalisation de l&rsquo;exercice de l&rsquo;ostéopathie le 4 mars 2002, l&rsquo;ostéopathe est un thérapeute de première intention, il n&rsquo;est donc pas nécessaire de consulter un médecin avant de venir voir son ostéopathe. De ce fait l&rsquo;ostéopathe dûment qualifié est habilité à poser un diagnostic d’exclusion, c&rsquo;est-à-dire à orienter [...]" />
<meta property="og:url" content="https://pes-moselle.fr/yutz/faq-items/faut-il-une-prescription-medicale-pour-consulter-un-osteopathe/" />
<meta property="og:site_name" content="Pôle Equilibre&amp;Santé de Yutz - Thionville" />
<meta name="twitter:card" content="summary_large_image" />
<meta name="twitter:label1" content="Durée de lecture estimée" />
	<meta name="twitter:data1" content="1 minute" />
<script type="application/ld+json" class="yoast-schema-graph">{"@context":"https:\/\/schema.org","@graph":[{"@type":"WebPage","@id":"https:\/\/pes-moselle.fr\/yutz\/faq-items\/faut-il-une-prescription-medicale-pour-consulter-un-osteopathe\/","url":"https:\/\/pes-moselle.fr\/yutz\/faq-items\/faut-il-une-prescription-medicale-pour-consulter-un-osteopathe\/","name":"Faut-il une prescription médicale pour consulter un Ostéopathe ? - Pôle Equilibre&amp;Santé de Yutz - Thionville","isPartOf":{"@id":"https:\/\/pes-moselle.fr\/yutz\/#website"},"datePublished":"2013-05-02T14:58:32+00:00","breadcrumb":{"@id":"https:\/\/pes-moselle.fr\/yutz\/faq-items\/faut-il-une-prescription-medicale-pour-consulter-un-osteopathe\/#breadcrumb"},"inLanguage":"fr-FR","potentialAction":[{"@type":"ReadAction","target":["https:\/\/pes-moselle.fr\/yutz\/faq-items\/faut-il-une-prescription-medicale-pour-consulter-un-osteopathe\/"]}]},{"@type":"BreadcrumbList","@id":"https:\/\/pes-moselle.fr\/yutz\/faq-items\/faut-il-une-prescription-medicale-pour-consulter-un-osteopathe\/#breadcrumb","itemListElement":[{"@type":"ListItem","position":1,"name":"Accueil","item":"https:\/\/pes-moselle.fr\/yutz\/"},{"@type":"ListItem","position":2,"name":"F.A.Q.","item":"https:\/\/pes-moselle.fr\/yutz\/faq-items\/"},{"@type":"ListItem","position":3,"name":"Faut-il une prescription médicale pour consulter un Ostéopathe ?"}]},{"@type":"WebSite","@id":"https:\/\/pes-moselle.fr\/yutz\/#website","url":"https:\/\/pes-moselle.fr\/yutz\/","name":"Pôle Equilibre&amp;Santé de Yutz - Thionville","description":"","potentialAction":[{"@type":"SearchAction","target":{"@type":"EntryPoint","urlTemplate":"https:\/\/pes-moselle.fr\/yutz\/?s={search_term_string}"},"query-input":{"@type":"PropertyValueSpecification","valueRequired":true,"valueName":"search_term_string"}}],"inLanguage":"fr-FR"}]}</script>
<!-- / Yoast SEO plugin. -->

Faut-il une prescription médicale pour consulter un Ostéopathe ? - Pôle Equilibre&amp;Santé de Yutz - Thionville

Non, depuis le décret d&rsquo;application (mars 2007) et suite à la légalisation de l&rsquo;exercice de l&rsquo;ostéopathie le 4 mars 2002, l&rsquo;ostéopathe est un thérapeute de première intention, il n&rsquo;est donc pas nécessaire de consulter un médecin avant de venir voir son ostéopathe. De ce fait l&rsquo;ostéopathe dûment qualifié est habilité à poser un diagnostic d’exclusion, c&rsquo;est-à-dire à orienter [...]

Pôle Equilibre&amp;Santé de Yutz - Thionville
