{"id":1300,"date":"2014-03-04T16:40:18","date_gmt":"2014-03-04T15:40:18","guid":{"rendered":"https:\/\/pes-moselle.fr\/yutz\/?page_id=1300"},"modified":"2018-10-27T10:02:30","modified_gmt":"2018-10-27T08:02:30","slug":"kinesitherapeute-yutz","status":"publish","type":"page","link":"https:\/\/pes-moselle.fr\/yutz\/kinesitherapeute-yutz\/","title":{"rendered":"Kin\u00e9sith\u00e9rapeute Yutz"},"content":{"rendered":"<div class=\"fusion-fullwidth fullwidth-box fusion-builder-row-1 nonhundred-percent-fullwidth non-hundred-percent-height-scrolling\" style=\"--awb-border-radius-top-left:0px;--awb-border-radius-top-right:0px;--awb-border-radius-bottom-right:0px;--awb-border-radius-bottom-left:0px;--awb-flex-wrap:wrap;\" ><div class=\"fusion-builder-row fusion-row\"><div class=\"fusion-layout-column fusion_builder_column fusion-builder-column-0 fusion_builder_column_1_1 1_1 fusion-one-full fusion-column-first fusion-column-last\" style=\"--awb-bg-size:cover;\"><div class=\"fusion-column-wrapper fusion-flex-column-wrapper-legacy\"><div class=\"fusion-title title fusion-title-1 fusion-title-center fusion-title-text fusion-title-size-one\"><div class=\"title-sep-container title-sep-container-left\"><div class=\"title-sep sep-double sep-solid\" style=\"border-color:#e0dede;\"><\/div><\/div><span class=\"awb-title-spacer\"><\/span><h1 class=\"fusion-title-heading title-heading-center fusion-responsive-typography-calculated\" style=\"margin:0;--fontSize:34;line-height:1.41;\">Kin\u00e9sith\u00e9rapeute Yutz<\/h1><span class=\"awb-title-spacer\"><\/span><div class=\"title-sep-container title-sep-container-right\"><div class=\"title-sep sep-double sep-solid\" style=\"border-color:#e0dede;\"><\/div><\/div><\/div><div class=\"fusion-clearfix\"><\/div><\/div><\/div><div class=\"fusion-layout-column fusion_builder_column fusion-builder-column-1 fusion_builder_column_1_2 1_2 fusion-one-half fusion-column-first\" style=\"--awb-bg-size:cover;width:50%;width:calc(50% - ( ( 4% ) * 0.5 ) );margin-right: 4%;\"><div class=\"fusion-column-wrapper fusion-flex-column-wrapper-legacy\"><div class=\"fusion-person person fusion-person-left fusion-person-1 fusion-person-icon-top\" style=\"--awb-pic-style-color:#000000;--awb-pic-borderradius:0px;--awb-margin-top:0px;--awb-margin-right:0px;--awb-margin-bottom:0px;--awb-margin-left:0px;--awb-social-box-border-top:0px;--awb-social-box-border-right:0px;--awb-social-box-border-bottom:0px;--awb-social-box-border-left:0px;--awb-social-box-border-color:var(--awb-color3);--awb-social-box-border-color-hover:var(--awb-color4);--awb-social-box-colors-hover:rgba(232,232,232,0.8);--awb-social-icon-boxed-colors:#e8e8e8;--awb-social-icon-colors:#82c9f0;--awb-social-icon-colors-hover:rgba(130,201,240,0.8);\"><div class=\"person-desc\"><div class=\"person-author\"><div class=\"person-author-wrapper\"><span class=\"person-name\">Gil Duvigneaud<\/span><span class=\"person-title\">Kin\u00e9sith\u00e9rapeute D.E.<\/span><\/div><div class=\"fusion-social-networks\"><div class=\"fusion-social-networks-wrapper\"><a class=\"fusion-social-network-icon fusion-tooltip fusion-facebook awb-icon-facebook custom\" aria-label=\"fusion-facebook\" href=\"https:\/\/www.facebook.com\/pes.moselle\" target=\"_blank\" rel=\"noopener noreferrer\" style=\"color:#82c9f0;font-size:16px;\" data-placement=\"top\" data-title=\"Facebook\" title=\"Facebook\" data-toggle=\"tooltip\"><\/a><a class=\"fusion-social-network-icon fusion-tooltip fusion-twitter awb-icon-twitter custom\" aria-label=\"fusion-twitter\" href=\"http:\/\/twitter.com\/pesfrance\" target=\"_blank\" rel=\"noopener noreferrer\" style=\"color:#82c9f0;font-size:16px;\" data-placement=\"top\" data-title=\"Twitter\" title=\"Twitter\" data-toggle=\"tooltip\"><\/a><\/div><\/div><\/div><div class=\"person-content fusion-clearfix\"><\/div><\/div><\/div><div class=\"fusion-text fusion-text-1\"><p style=\"text-align: justify;\">Votre Masseur-Kin\u00e9sith\u00e9rapeute \u00e0 Yutz Gil Duvigneaud est dipl\u00f4m\u00e9 de la <a href=\"http:\/\/www.hers.be\" target=\"_blank\">Haute Ecole Robert Schuman de Libramont<\/a>\u00a0(Belgique) depuis 2002.\u00a0Il y a suivi une formation de 4 ann\u00e9es bas\u00e9e sur des cours th\u00e9oriques tels que l\u2019anatomie, la biom\u00e9canique, la physiologie, les pathologies (m\u00e9dicales, chirurgicales et sportives), la neurologie, l\u2019orthop\u00e9die, etc\u2026 ainsi que des cours pratiques tels que le massage, la mobilisation, les techniques sp\u00e9cialis\u00e9es, l\u2019anatomie palpatoire, la r\u00e9\u00e9ducation cardio-respiratoire, la r\u00e9\u00e9ducation neurologique , la r\u00e9\u00e9ducation sportive et orthop\u00e9dique, etc&#8230;<\/p>\n<p style=\"text-align: justify;\">La partie clinique des \u00e9tudes s\u2019est faite en centres de r\u00e9\u00e9ducation, centres hospitaliers et centres thermaux.\u00a0Elle a comport\u00e9 des stages dans des services tels que la r\u00e9\u00e9ducation, la p\u00e9diatrie, les centres sportifs, la neurologie, les soins intensifs, la cardiologie, l&rsquo;orthop\u00e9die-traumatologie.<\/p>\n<p style=\"text-align: justify;\">Lors de ses \u00e9tudes, votre Kin\u00e9sith\u00e9rapeute \u00e0 Yutz a aussi effectu\u00e9 un stage \u00e0 <a href=\"http:\/\/www.insep.fr\/fr\" target=\"_blank\">l\u2019INSEP<\/a>\u00a0 (L&rsquo;Institut National du Sport, de l&rsquo;Expertise et de la Performance) ainsi qu\u2019au <a href=\"http:\/\/www.usoam.fr\" target=\"_blank\">Centre de formation professionnel Belge de tennis<\/a> \u00e0 Mons.\u00a0Il a \u00e9galement \u00e9t\u00e9 form\u00e9 au drainage lymphatique LPG, aux MTP, aux lev\u00e9es de tensions, au strapping.<\/p>\n<p style=\"text-align: justify;\">Apr\u00e8s ses \u00e9tudes, votre Kin\u00e9sith\u00e9rapeute \u00e0 Yutz\u00a0s\u2019est form\u00e9 en techniques structurelles, au <a title=\"LPG Cellu M6 \u00e0 Yutz\" href=\"https:\/\/pes-moselle.fr\/yutz\/lpg-cellu-m6-yutz\/\" target=\"_blank\">Cellu M6 Keymodule\u00ae<\/a> et <a title=\"Huber Motion Lab\" href=\"https:\/\/pes-moselle.fr\/yutz\/huber-motion-lab\/\" target=\"_blank\">HUBER\u00ae<\/a> de LPG, en <a href=\"http:\/\/www2.k-taping.eu\/Accueil\" target=\"_blank\">K-taping<\/a> et en <a title=\"Onde de Choc Kin\u00e9sith\u00e9rapie\" href=\"https:\/\/pes-moselle.fr\/yutz\/onde-de-choc-kinesitherapie\/\" target=\"_blank\">traitement par ondes de choc<\/a>.<\/p>\n<p style=\"text-align: justify;\">Au niveau professionnel, votre Kin\u00e9 \u00e0 Yutz\u00a0a travaill\u00e9 \u00e0 la <a href=\"http:\/\/www.cure-amneville.com\" target=\"_blank\">Cure thermale d\u2019Amn\u00e9ville<\/a> durant 1 an. Il a ensuite travaill\u00e9 2 ans comme assistant dans un cabinet lib\u00e9ral sur Florange pour cr\u00e9er ensuite son propre cabinet sur Montigny-Les-Metz pour une dur\u00e9e de 5 ans. D\u00e9sireux de mettre en place une prise en charge pluridisciplinaire de ses patients, il a cr\u00e9\u00e9 en 2010 le cabinet dans lequel il exerce actuellement : <a title=\"Accueil PES Moselle\" href=\"https:\/\/pes-moselle.fr\/yutz\/\" target=\"_blank\">P\u00f4le Equilibre&amp;Sant\u00e9 de Moselle &#8211; Thionville\/Yutz<\/a>.<\/p>\n<p style=\"text-align: justify;\">Durant sa pratique professionnelle, il a eu l\u2019occasion de s\u2019orienter vers la th\u00e9rapie sportive en commen\u00e7ant durant ses \u00e9tudes, par 1 stage d\u2019un mois aupr\u00e8s de Steve Darcy, Olivier Rochus et Justine Henin (tennis) pour s\u2019 occuper depuis maintenant 3 saisons du <a href=\"http:\/\/www.yutzhandballfeminin.fr\" target=\"_blank\">Yutz handball F\u00e9minin<\/a>\u00a0(\u00e9quipe de D2 f\u00e9minine). Il a \u00e9galement eu la chance \u00a0de s\u2019occuper de l\u2019\u00e9quipe de <a href=\"http:\/\/tscvhb.fr\" target=\"_blank\">Toulon St-Cyr Var Handball<\/a> (\u00e9quipe de D1 f\u00e9minine) durant les phases finales de la coupe de la ligue qui ont eu lieu \u00e0 Thionville et aux Ar\u00e8nes de Metz en f\u00e9vrier 2014.<\/p>\n<\/div><div class=\"fusion-clearfix\"><\/div><\/div><\/div><div class=\"fusion-layout-column fusion_builder_column fusion-builder-column-2 fusion_builder_column_1_2 1_2 fusion-one-half fusion-column-last\" style=\"--awb-bg-size:cover;width:50%;width:calc(50% - ( ( 4% ) * 0.5 ) );\"><div class=\"fusion-column-wrapper fusion-flex-column-wrapper-legacy\"><div class=\"fusion-person person fusion-person-left fusion-person-2 fusion-person-icon-top\" style=\"--awb-pic-style-color:#000000;--awb-pic-borderradius:0px;--awb-margin-top:0px;--awb-margin-right:0px;--awb-margin-bottom:0px;--awb-margin-left:0px;--awb-social-box-border-top:0px;--awb-social-box-border-right:0px;--awb-social-box-border-bottom:0px;--awb-social-box-border-left:0px;--awb-social-box-border-color:var(--awb-color3);--awb-social-box-border-color-hover:var(--awb-color4);--awb-social-box-colors-hover:rgba(232,232,232,0.8);--awb-social-icon-boxed-colors:#e8e8e8;--awb-social-icon-colors:#82c9f0;--awb-social-icon-colors-hover:rgba(130,201,240,0.8);\"><div class=\"person-desc\"><div class=\"person-author\"><div class=\"person-author-wrapper\"><span class=\"person-name\">Pierre-Eric Sheltien<\/span><span class=\"person-title\">Kin\u00e9sith\u00e9rapeute D.E.<\/span><\/div><div class=\"fusion-social-networks\"><div class=\"fusion-social-networks-wrapper\"><a class=\"fusion-social-network-icon fusion-tooltip fusion-facebook awb-icon-facebook custom\" aria-label=\"fusion-facebook\" href=\"https:\/\/www.facebook.com\/pes.moselle\" target=\"_blank\" rel=\"noopener noreferrer\" style=\"color:#82c9f0;font-size:16px;\" data-placement=\"top\" data-title=\"Facebook\" title=\"Facebook\" data-toggle=\"tooltip\"><\/a><a class=\"fusion-social-network-icon fusion-tooltip fusion-twitter awb-icon-twitter custom\" aria-label=\"fusion-twitter\" href=\"http:\/\/twitter.com\/pesfrance\" target=\"_blank\" rel=\"noopener noreferrer\" style=\"color:#82c9f0;font-size:16px;\" data-placement=\"top\" data-title=\"Twitter\" title=\"Twitter\" data-toggle=\"tooltip\"><\/a><\/div><\/div><\/div><div class=\"person-content fusion-clearfix\"><\/div><\/div><\/div><div class=\"fusion-text fusion-text-2\"><p style=\"text-align: justify;\">Votre Masseur-Kin\u00e9sith\u00e9rapeute \u00e0 Yutz Pierre-Eric Scheltien est dipl\u00f4m\u00e9 de la\u00a0<a href=\"http:\/\/www.hers.be\" target=\"_blank\">Haute Ecole Robert Schuman de Libramont<\/a>\u00a0en Belgique depuis 2006.\u00a0<span style=\"line-height: 1.5em;\">Il y a suivi une formation de 4 ann\u00e9es bas\u00e9e sur des cours th\u00e9oriques tels que l\u2019anatomie, la biom\u00e9canique, la physiologie, les pathologies (m\u00e9dicales, chirurgicales et sportives), la neurologie, l\u2019orthop\u00e9die, etc\u2026 ainsi que des cours pratiques tels que le massage, la mobilisation, les techniques sp\u00e9cialis\u00e9es, l\u2019anatomie palpatoire, la r\u00e9\u00e9ducation cardio-respiratoire, la r\u00e9\u00e9ducation neurologique , la r\u00e9\u00e9ducation sportive et orthop\u00e9dique, etc&#8230;<\/span><\/p>\n<p style=\"text-align: justify;\">La partie clinique des \u00e9tudes s\u2019est faite en centres de r\u00e9\u00e9ducation, centres hospitaliers et centres thermaux.\u00a0Elle a comport\u00e9 des stages dans des services tels que la r\u00e9\u00e9ducation, la p\u00e9diatrie, les centres sportifs, la neurologie, les soins intensifs, la cardiologie, l&rsquo;orthop\u00e9die-traumatologie.<\/p>\n<p style=\"text-align: justify;\">Lors de ses \u00e9tudes, votre Kin\u00e9sith\u00e9rapeute \u00e0 Yutz a \u00e9galement \u00e9t\u00e9 form\u00e9 au drainage lymphatique LPG, aux \u00a0MTP, aux lev\u00e9es de tensions et au strapping.<\/p>\n<p style=\"text-align: justify;\">Apr\u00e8s ses \u00e9tudes, Pierre-Eric Scheltien s\u2019est form\u00e9 en kin\u00e9sith\u00e9rapie du sport, crochetage, technique des ventouses, formation au <a title=\"LPG Cellu M6 \u00e0 Yutz\" href=\"https:\/\/pes-moselle.fr\/yutz\/lpg-cellu-m6-yutz\/\" target=\"_blank\">Cellu M6 Keymodule\u00ae<\/a> et <a title=\"Huber Motion Lab\" href=\"https:\/\/pes-moselle.fr\/yutz\/huber-motion-lab\/\">HUBER\u00ae<\/a> de LPG\u00a0et en\u00a0<a title=\"Onde de Choc Kin\u00e9sith\u00e9rapie\" href=\"https:\/\/pes-moselle.fr\/yutz\/onde-de-choc-kinesitherapie\/\" target=\"_blank\">traitement par ondes de choc<\/a>.<\/p>\n<p style=\"text-align: justify;\">Il est actuellement en formation pour \u00ab\u00a0<a href=\"http:\/\/www.mckenzie.fr\/\" target=\"_blank\">la m\u00e9thode Mc KENZIE\u00a0<\/a>\u00bb, qui soulage durablement les douleurs vert\u00e9brales.<\/p>\n<p style=\"text-align: justify;\">Au niveau professionnel, votre Kin\u00e9 \u00e0 Yutz\u00a0a travaill\u00e9 au <a href=\"http:\/\/www.ladapt.net\" target=\"_blank\">CMPR Adapt Thionis<\/a> de Thionville durant 5 ans avant de rejoindre le\u00a0<a title=\"Accueil PES Moselle\" href=\"https:\/\/pes-moselle.fr\/yutz\/\" target=\"_blank\">P\u00f4le Equilibre&amp;Sant\u00e9 de Moselle &#8211; Thionville\/Yutz<\/a>.<\/p>\n<p style=\"text-align: justify;\">Il a pu, au cours de sa formation, participer au <a href=\"http:\/\/www.schneiderelectricparismarathon.com\" target=\"_blank\">Marathon de Paris<\/a> en tant que Masseur-Kin\u00e9sith\u00e9rapeute. Il s&rsquo;est \u00e9galement occup\u00e9 de l\u2019\u00e9quipe de Volley-Ball du <a href=\"http:\/\/www.lnv.fr\/clubs-terville.html\" target=\"_blank\">TFOC<\/a> (Terville Florange Olympique Club) lors de leur saison en ProAF en 2007.<\/p>\n<p style=\"text-align: justify;\">\n<\/div><div class=\"fusion-clearfix\"><\/div><\/div><\/div><\/div><\/div>\n","protected":false},"excerpt":{"rendered":"","protected":false},"author":1,"featured_media":0,"parent":0,"menu_order":0,"comment_status":"open","ping_status":"open","template":"","meta":{"footnotes":""},"class_list":["post-1300","page","type-page","status-publish","hentry"],"yoast_head":"<!-- This site is optimized with the Yoast SEO plugin v27.3 - https:\/\/yoast.com\/product\/yoast-seo-wordpress\/ -->\n<title>Kin\u00e9sith\u00e9rapeute Yutz - P\u00f4le Equilibre&amp;Sant\u00e9 de Moselle - Yutz<\/title>\n<meta name=\"description\" content=\"Kin\u00e9sith\u00e9rapeute Yutz : Nos Kin\u00e9sith\u00e9rapeutes \u00e0 Yutz (Moselle 57) vous accueilles au sein d&#039;une structure pluri-disciplinaire pour une meilleure r\u00e9\u00e9ducation\" \/>\n<meta name=\"robots\" content=\"index, follow, max-snippet:-1, max-image-preview:large, max-video-preview:-1\" \/>\n<link rel=\"canonical\" href=\"https:\/\/pes-moselle.fr\/yutz\/kinesitherapeute-yutz\/\" \/>\n<meta property=\"og:locale\" content=\"fr_FR\" \/>\n<meta property=\"og:type\" content=\"article\" \/>\n<meta property=\"og:title\" content=\"Kin\u00e9sith\u00e9rapeute Yutz - P\u00f4le Equilibre&amp;Sant\u00e9 de Moselle - Yutz\" \/>\n<meta property=\"og:description\" content=\"Kin\u00e9sith\u00e9rapeute Yutz : Nos Kin\u00e9sith\u00e9rapeutes \u00e0 Yutz (Moselle 57) vous accueilles au sein d&#039;une structure pluri-disciplinaire pour une meilleure r\u00e9\u00e9ducation\" \/>\n<meta property=\"og:url\" content=\"https:\/\/pes-moselle.fr\/yutz\/kinesitherapeute-yutz\/\" \/>\n<meta property=\"og:site_name\" content=\"P\u00f4le Equilibre&amp;Sant\u00e9 de Yutz - Thionville\" \/>\n<meta property=\"article:modified_time\" content=\"2018-10-27T08:02:30+00:00\" \/>\n<meta name=\"twitter:card\" content=\"summary_large_image\" \/>\n<meta name=\"twitter:label1\" content=\"Dur\u00e9e de lecture estim\u00e9e\" \/>\n\t<meta name=\"twitter:data1\" content=\"6 minutes\" \/>\n<script type=\"application\/ld+json\" class=\"yoast-schema-graph\">{\"@context\":\"https:\\\/\\\/schema.org\",\"@graph\":[{\"@type\":\"WebPage\",\"@id\":\"https:\\\/\\\/pes-moselle.fr\\\/yutz\\\/kinesitherapeute-yutz\\\/\",\"url\":\"https:\\\/\\\/pes-moselle.fr\\\/yutz\\\/kinesitherapeute-yutz\\\/\",\"name\":\"Kin\u00e9sith\u00e9rapeute Yutz - P\u00f4le Equilibre&Sant\u00e9 de Moselle - Yutz\",\"isPartOf\":{\"@id\":\"https:\\\/\\\/pes-moselle.fr\\\/yutz\\\/#website\"},\"datePublished\":\"2014-03-04T15:40:18+00:00\",\"dateModified\":\"2018-10-27T08:02:30+00:00\",\"description\":\"Kin\u00e9sith\u00e9rapeute Yutz : Nos Kin\u00e9sith\u00e9rapeutes \u00e0 Yutz (Moselle 57) vous accueilles au sein d'une structure pluri-disciplinaire pour une meilleure r\u00e9\u00e9ducation\",\"breadcrumb\":{\"@id\":\"https:\\\/\\\/pes-moselle.fr\\\/yutz\\\/kinesitherapeute-yutz\\\/#breadcrumb\"},\"inLanguage\":\"fr-FR\",\"potentialAction\":[{\"@type\":\"ReadAction\",\"target\":[\"https:\\\/\\\/pes-moselle.fr\\\/yutz\\\/kinesitherapeute-yutz\\\/\"]}]},{\"@type\":\"BreadcrumbList\",\"@id\":\"https:\\\/\\\/pes-moselle.fr\\\/yutz\\\/kinesitherapeute-yutz\\\/#breadcrumb\",\"itemListElement\":[{\"@type\":\"ListItem\",\"position\":1,\"name\":\"Accueil\",\"item\":\"https:\\\/\\\/pes-moselle.fr\\\/yutz\\\/\"},{\"@type\":\"ListItem\",\"position\":2,\"name\":\"Kin\u00e9sith\u00e9rapeute Yutz\"}]},{\"@type\":\"WebSite\",\"@id\":\"https:\\\/\\\/pes-moselle.fr\\\/yutz\\\/#website\",\"url\":\"https:\\\/\\\/pes-moselle.fr\\\/yutz\\\/\",\"name\":\"P\u00f4le Equilibre&amp;Sant\u00e9 de Yutz - Thionville\",\"description\":\"\",\"potentialAction\":[{\"@type\":\"SearchAction\",\"target\":{\"@type\":\"EntryPoint\",\"urlTemplate\":\"https:\\\/\\\/pes-moselle.fr\\\/yutz\\\/?s={search_term_string}\"},\"query-input\":{\"@type\":\"PropertyValueSpecification\",\"valueRequired\":true,\"valueName\":\"search_term_string\"}}],\"inLanguage\":\"fr-FR\"}]}<\/script>\n<!-- \/ Yoast SEO plugin. -->","yoast_head_json":{"title":"Kin\u00e9sith\u00e9rapeute Yutz - P\u00f4le Equilibre&Sant\u00e9 de Moselle - Yutz","description":"Kin\u00e9sith\u00e9rapeute Yutz : Nos Kin\u00e9sith\u00e9rapeutes \u00e0 Yutz (Moselle 57) vous accueilles au sein d'une structure pluri-disciplinaire pour une meilleure r\u00e9\u00e9ducation","robots":{"index":"index","follow":"follow","max-snippet":"max-snippet:-1","max-image-preview":"max-image-preview:large","max-video-preview":"max-video-preview:-1"},"canonical":"https:\/\/pes-moselle.fr\/yutz\/kinesitherapeute-yutz\/","og_locale":"fr_FR","og_type":"article","og_title":"Kin\u00e9sith\u00e9rapeute Yutz - P\u00f4le Equilibre&Sant\u00e9 de Moselle - Yutz","og_description":"Kin\u00e9sith\u00e9rapeute Yutz : Nos Kin\u00e9sith\u00e9rapeutes \u00e0 Yutz (Moselle 57) vous accueilles au sein d'une structure pluri-disciplinaire pour une meilleure r\u00e9\u00e9ducation","og_url":"https:\/\/pes-moselle.fr\/yutz\/kinesitherapeute-yutz\/","og_site_name":"P\u00f4le Equilibre&amp;Sant\u00e9 de Yutz - Thionville","article_modified_time":"2018-10-27T08:02:30+00:00","twitter_card":"summary_large_image","twitter_misc":{"Dur\u00e9e de lecture estim\u00e9e":"6 minutes"},"schema":{"@context":"https:\/\/schema.org","@graph":[{"@type":"WebPage","@id":"https:\/\/pes-moselle.fr\/yutz\/kinesitherapeute-yutz\/","url":"https:\/\/pes-moselle.fr\/yutz\/kinesitherapeute-yutz\/","name":"Kin\u00e9sith\u00e9rapeute Yutz - P\u00f4le Equilibre&Sant\u00e9 de Moselle - Yutz","isPartOf":{"@id":"https:\/\/pes-moselle.fr\/yutz\/#website"},"datePublished":"2014-03-04T15:40:18+00:00","dateModified":"2018-10-27T08:02:30+00:00","description":"Kin\u00e9sith\u00e9rapeute Yutz : Nos Kin\u00e9sith\u00e9rapeutes \u00e0 Yutz (Moselle 57) vous accueilles au sein d'une structure pluri-disciplinaire pour une meilleure r\u00e9\u00e9ducation","breadcrumb":{"@id":"https:\/\/pes-moselle.fr\/yutz\/kinesitherapeute-yutz\/#breadcrumb"},"inLanguage":"fr-FR","potentialAction":[{"@type":"ReadAction","target":["https:\/\/pes-moselle.fr\/yutz\/kinesitherapeute-yutz\/"]}]},{"@type":"BreadcrumbList","@id":"https:\/\/pes-moselle.fr\/yutz\/kinesitherapeute-yutz\/#breadcrumb","itemListElement":[{"@type":"ListItem","position":1,"name":"Accueil","item":"https:\/\/pes-moselle.fr\/yutz\/"},{"@type":"ListItem","position":2,"name":"Kin\u00e9sith\u00e9rapeute Yutz"}]},{"@type":"WebSite","@id":"https:\/\/pes-moselle.fr\/yutz\/#website","url":"https:\/\/pes-moselle.fr\/yutz\/","name":"P\u00f4le Equilibre&amp;Sant\u00e9 de Yutz - Thionville","description":"","potentialAction":[{"@type":"SearchAction","target":{"@type":"EntryPoint","urlTemplate":"https:\/\/pes-moselle.fr\/yutz\/?s={search_term_string}"},"query-input":{"@type":"PropertyValueSpecification","valueRequired":true,"valueName":"search_term_string"}}],"inLanguage":"fr-FR"}]}},"_links":{"self":[{"href":"https:\/\/pes-moselle.fr\/yutz\/wp-json\/wp\/v2\/pages\/1300","targetHints":{"allow":["GET"]}}],"collection":[{"href":"https:\/\/pes-moselle.fr\/yutz\/wp-json\/wp\/v2\/pages"}],"about":[{"href":"https:\/\/pes-moselle.fr\/yutz\/wp-json\/wp\/v2\/types\/page"}],"author":[{"embeddable":true,"href":"https:\/\/pes-moselle.fr\/yutz\/wp-json\/wp\/v2\/users\/1"}],"replies":[{"embeddable":true,"href":"https:\/\/pes-moselle.fr\/yutz\/wp-json\/wp\/v2\/comments?post=1300"}],"version-history":[{"count":8,"href":"https:\/\/pes-moselle.fr\/yutz\/wp-json\/wp\/v2\/pages\/1300\/revisions"}],"predecessor-version":[{"id":2529,"href":"https:\/\/pes-moselle.fr\/yutz\/wp-json\/wp\/v2\/pages\/1300\/revisions\/2529"}],"wp:attachment":[{"href":"https:\/\/pes-moselle.fr\/yutz\/wp-json\/wp\/v2\/media?parent=1300"}],"curies":[{"name":"wp","href":"https:\/\/api.w.org\/{rel}","templated":true}]}}