{"id":1839,"date":"2015-10-07T16:51:26","date_gmt":"2015-10-07T15:51:26","guid":{"rendered":"https:\/\/pes-moselle.fr\/yutz\/?page_id=1839"},"modified":"2020-05-22T00:17:14","modified_gmt":"2020-05-21T22:17:14","slug":"consultation-psychotherapie-yutz","status":"publish","type":"page","link":"https:\/\/pes-moselle.fr\/yutz\/consultation-psychotherapie-yutz\/","title":{"rendered":"Consultation Psychoth\u00e9rapie Yutz"},"content":{"rendered":"<div class=\"fusion-fullwidth fullwidth-box fusion-builder-row-1 nonhundred-percent-fullwidth non-hundred-percent-height-scrolling\" style=\"--awb-border-radius-top-left:0px;--awb-border-radius-top-right:0px;--awb-border-radius-bottom-right:0px;--awb-border-radius-bottom-left:0px;--awb-flex-wrap:wrap;\" ><div class=\"fusion-builder-row fusion-row\"><div class=\"fusion-layout-column fusion_builder_column fusion-builder-column-0 fusion_builder_column_1_1 1_1 fusion-one-full fusion-column-first fusion-column-last\" style=\"--awb-bg-size:cover;\"><div class=\"fusion-column-wrapper fusion-flex-column-wrapper-legacy\"><div class=\"fusion-title title fusion-title-1 fusion-title-center fusion-title-text fusion-title-size-one\"><div class=\"title-sep-container title-sep-container-left\"><div class=\"title-sep sep-double sep-solid\" style=\"border-color:#e0dede;\"><\/div><\/div><span class=\"awb-title-spacer\"><\/span><h1 class=\"fusion-title-heading title-heading-center fusion-responsive-typography-calculated\" style=\"margin:0;--fontSize:34;line-height:1.41;\"><p class=\"title-heading-center\" data-fontsize=\"34\" data-lineheight=\"47\">D\u00e9roulement d\u2019une consultation\u00a0en Psychologie<\/p><\/h1><span class=\"awb-title-spacer\"><\/span><div class=\"title-sep-container title-sep-container-right\"><div class=\"title-sep sep-double sep-solid\" style=\"border-color:#e0dede;\"><\/div><\/div><\/div><div class=\"fusion-title title fusion-title-2 fusion-sep-none fusion-title-text fusion-title-size-two\"><h2 class=\"fusion-title-heading title-heading-left fusion-responsive-typography-calculated\" style=\"margin:0;--fontSize:28;line-height:1.5;\"><p data-fontsize=\"34\" data-lineheight=\"47\">La consultation pour adulte<\/p><\/h2><\/div><div class=\"fusion-text fusion-text-1\"><p style=\"text-align: justify;\">La consultation psychologique s\u2019adresse \u00e0 toute personne souhaitant rencontrer un psychologue.<\/p>\n<p style=\"text-align: justify;\">La psychoth\u00e9rapie, appuy\u00e9e par l&rsquo;entretien clinique, permet de se concentrer sur les probl\u00e9matiques de chaque personne, en tenant compte de sa singularit\u00e9, des sp\u00e9cificit\u00e9s de sa situation et d\u2019interroger les relations qu&rsquo;elle entretient avec les diff\u00e9rents aspects de sa vie. Le regard neutre du psychologue, la bienveillance et le respect de la confidentialit\u00e9 facilitent la cr\u00e9ation d&rsquo;une relation de confiance entre le patient et le th\u00e9rapeute.<\/p>\n<p style=\"text-align: justify;\">La premi\u00e8re rencontre permet d\u2019entendre votre demande et d\u2019appr\u00e9hender des informations g\u00e9n\u00e9rales (connaissance du psychologue, proposition de suivi \u2026). Les rendez-vous suivants visent \u00e0 aborder, \u00e0 votre rythme, ce qui vous pose question, vous met en difficult\u00e9 et \u00e0 r\u00e9fl\u00e9chir ensemble aux moyens d&rsquo;am\u00e9lioration de votre situation et d&rsquo;apaiser vos souffrances.<\/p>\n<p style=\"text-align: justify;\">De nombreuses situations peuvent vous amener \u00e0 avoir besoin de parler \u00e0 un psychologue :<\/p>\n<ul style=\"text-align: justify;\">\n<li>Envie\/besoin d\u2019exprimer vos \u00e9motions, de r\u00e9fl\u00e9chir \u00e0 certains aspects de votre fonctionnement psychique, de travailler sur votre estime de soi<\/li>\n<li>Moments de vie douloureux, s\u00e9parations, deuils<\/li>\n<li>Difficult\u00e9s familiales, conjugales<\/li>\n<li>Troubles de l\u2019humeur, du comportement<\/li>\n<li>Moments de transition, de changements de vie<\/li>\n<li>Suivi accompagnant une insertion\/r\u00e9insertion sociale ou professionnelle<\/li>\n<li>Anxi\u00e9t\u00e9, angoisse, \u00e9tat de tristesse, d\u00e9pressif<\/li>\n<li>Conduites \u00e0 risques, conduites addictives<\/li>\n<li>Toute situation vous mettant en souffrance, qu&rsquo;elle soit momentan\u00e9e ou qu&rsquo;elle dure depuis longtemps<\/li>\n<\/ul>\n<p style=\"text-align: justify;\">Ainsi, si vous ressentez le besoin de vous exprimer, la psychoth\u00e9rapie peut vous permettre de d\u00e9bloquer\u00a0des situations qui vous g\u00eanent au quotidien.<\/p>\n<\/div><div class=\"fusion-title title fusion-title-3 fusion-sep-none fusion-title-text fusion-title-size-two\"><h2 class=\"fusion-title-heading title-heading-left fusion-responsive-typography-calculated\" style=\"margin:0;--fontSize:28;line-height:1.5;\"><p data-fontsize=\"34\" data-lineheight=\"47\">La consultation\u00a0pour enfant\/adolescent<\/p><\/h2><\/div><div class=\"fusion-text fusion-text-2\"><p style=\"text-align: justify;\">En tant que parent, il arrive que l\u2019on se questionne concernant la situation ou le comportement de son adolescent. Vous ressentez la n\u00e9cessit\u00e9 pour lui d\u2019\u00eatre accompagn\u00e9 et vous souhaiteriez l\u2019aider. Consulter un Psychologue peut permettre de prendre en compte ses besoins, en lui offrant la possibilit\u00e9 d&rsquo;un espace de parole \u00ab\u00a0\u00e0 lui\u00a0\u00bb.<\/p>\n<p style=\"text-align: justify;\">En effet, il est parfois difficile pour un adolescent de se confier, parfois plus encore \u00e0 un parent ou \u00e0 un proche. Alors si votre adolescent est d&rsquo;accord pour rencontrer un psychologue, n\u2019h\u00e9sitez pas \u00e0 venir avec lui pour discuter ensemble. Si un suivi est engag\u00e9, un point en fin de s\u00e9ance avec le\/les parents sera r\u00e9guli\u00e8rement propos\u00e9.<\/p>\n<p style=\"text-align: justify;\">Quelques mots cl\u00e9s\u00a0:<\/p>\n<ul>\n<li style=\"text-align: justify;\">Difficult\u00e9s scolaires<\/li>\n<li style=\"text-align: justify;\">Comportements inhabituels<\/li>\n<li style=\"text-align: justify;\">Sommeil perturb\u00e9, cauchemars fr\u00e9quents<\/li>\n<li style=\"text-align: justify;\">Difficult\u00e9 \u00e0 s\u2019exprimer<\/li>\n<li style=\"text-align: justify;\">Probl\u00e9matiques familiales&#8230;<\/li>\n<\/ul>\n<\/div><div class=\"fusion-title title fusion-title-4 fusion-title-center fusion-title-text fusion-title-size-one\"><div class=\"title-sep-container title-sep-container-left\"><div class=\"title-sep sep-double sep-solid\" style=\"border-color:#e0dede;\"><\/div><\/div><span class=\"awb-title-spacer\"><\/span><h1 class=\"fusion-title-heading title-heading-center fusion-responsive-typography-calculated\" style=\"margin:0;--fontSize:34;line-height:1.41;\">Honoraires \/ Remboursement<\/h1><span class=\"awb-title-spacer\"><\/span><div class=\"title-sep-container title-sep-container-right\"><div class=\"title-sep sep-double sep-solid\" style=\"border-color:#e0dede;\"><\/div><\/div><\/div><div class=\"fusion-text fusion-text-3\"><div class=\"fusion-table table-2\">\n<table width=\"100%\">\n<thead>\n<tr>\n<th style=\"text-align: center;\">Rendez-vous<\/th>\n<th style=\"text-align: center;\">Tarifs<\/th>\n<\/tr>\n<\/thead>\n<tbody>\n<tr>\n<td style=\"text-align: center;\">Chaque rendez-vous sera bas\u00e9 sur un m\u00eame tarif, s\u2019alignant aux valeurs de P\u00f4le Equilibre&amp;Sant\u00e9 (paiement\u00a0uniquement en esp\u00e8ce ou ch\u00e8que)<\/td>\n<td style=\"text-align: center;\">50\u20ac<\/td>\n<\/tr>\n<\/tbody>\n<\/table>\n<\/div>\n<\/div><div class=\"fusion-text fusion-text-4\"><p style=\"text-align: justify;\">Le suivi psychologique n\u2019est pas pris en charge par la s\u00e9curit\u00e9 sociale. Cependant, certaines mutuelles peuvent le rembourser en partie. Vous pouvez ainsi vous renseigner aupr\u00e8s de la v\u00f4tre.<\/p>\n<\/div><div class=\"fusion-clearfix\"><\/div><\/div><\/div><\/div><\/div>\n","protected":false},"excerpt":{"rendered":"","protected":false},"author":1,"featured_media":0,"parent":0,"menu_order":0,"comment_status":"closed","ping_status":"closed","template":"","meta":{"footnotes":""},"class_list":["post-1839","page","type-page","status-publish","hentry"],"yoast_head":"<!-- This site is optimized with the Yoast SEO plugin v27.5 - https:\/\/yoast.com\/product\/yoast-seo-wordpress\/ -->\n<title>Consultation Psychoth\u00e9rapie Yutz - P\u00f4le Equilibre&amp;Sant\u00e9 de Yutz - Thionville<\/title>\n<meta name=\"robots\" content=\"index, follow, max-snippet:-1, max-image-preview:large, max-video-preview:-1\" \/>\n<link rel=\"canonical\" href=\"https:\/\/pes-moselle.fr\/yutz\/consultation-psychotherapie-yutz\/\" \/>\n<meta property=\"og:locale\" content=\"fr_FR\" \/>\n<meta property=\"og:type\" content=\"article\" \/>\n<meta property=\"og:title\" content=\"Consultation Psychoth\u00e9rapie Yutz - P\u00f4le Equilibre&amp;Sant\u00e9 de Yutz - Thionville\" \/>\n<meta property=\"og:url\" content=\"https:\/\/pes-moselle.fr\/yutz\/consultation-psychotherapie-yutz\/\" \/>\n<meta property=\"og:site_name\" content=\"P\u00f4le Equilibre&amp;Sant\u00e9 de Yutz - Thionville\" \/>\n<meta property=\"article:modified_time\" content=\"2020-05-21T22:17:14+00:00\" \/>\n<meta name=\"twitter:card\" content=\"summary_large_image\" \/>\n<meta name=\"twitter:label1\" content=\"Dur\u00e9e de lecture estim\u00e9e\" \/>\n\t<meta name=\"twitter:data1\" content=\"4 minutes\" \/>\n<script type=\"application\/ld+json\" class=\"yoast-schema-graph\">{\"@context\":\"https:\\\/\\\/schema.org\",\"@graph\":[{\"@type\":\"WebPage\",\"@id\":\"https:\\\/\\\/pes-moselle.fr\\\/yutz\\\/consultation-psychotherapie-yutz\\\/\",\"url\":\"https:\\\/\\\/pes-moselle.fr\\\/yutz\\\/consultation-psychotherapie-yutz\\\/\",\"name\":\"Consultation Psychoth\u00e9rapie Yutz - P\u00f4le Equilibre&amp;Sant\u00e9 de Yutz - Thionville\",\"isPartOf\":{\"@id\":\"https:\\\/\\\/pes-moselle.fr\\\/yutz\\\/#website\"},\"datePublished\":\"2015-10-07T15:51:26+00:00\",\"dateModified\":\"2020-05-21T22:17:14+00:00\",\"breadcrumb\":{\"@id\":\"https:\\\/\\\/pes-moselle.fr\\\/yutz\\\/consultation-psychotherapie-yutz\\\/#breadcrumb\"},\"inLanguage\":\"fr-FR\",\"potentialAction\":[{\"@type\":\"ReadAction\",\"target\":[\"https:\\\/\\\/pes-moselle.fr\\\/yutz\\\/consultation-psychotherapie-yutz\\\/\"]}]},{\"@type\":\"BreadcrumbList\",\"@id\":\"https:\\\/\\\/pes-moselle.fr\\\/yutz\\\/consultation-psychotherapie-yutz\\\/#breadcrumb\",\"itemListElement\":[{\"@type\":\"ListItem\",\"position\":1,\"name\":\"Accueil\",\"item\":\"https:\\\/\\\/pes-moselle.fr\\\/yutz\\\/\"},{\"@type\":\"ListItem\",\"position\":2,\"name\":\"Consultation Psychoth\u00e9rapie Yutz\"}]},{\"@type\":\"WebSite\",\"@id\":\"https:\\\/\\\/pes-moselle.fr\\\/yutz\\\/#website\",\"url\":\"https:\\\/\\\/pes-moselle.fr\\\/yutz\\\/\",\"name\":\"P\u00f4le Equilibre&amp;Sant\u00e9 de Yutz - Thionville\",\"description\":\"\",\"potentialAction\":[{\"@type\":\"SearchAction\",\"target\":{\"@type\":\"EntryPoint\",\"urlTemplate\":\"https:\\\/\\\/pes-moselle.fr\\\/yutz\\\/?s={search_term_string}\"},\"query-input\":{\"@type\":\"PropertyValueSpecification\",\"valueRequired\":true,\"valueName\":\"search_term_string\"}}],\"inLanguage\":\"fr-FR\"}]}<\/script>\n<!-- \/ Yoast SEO plugin. -->","yoast_head_json":{"title":"Consultation Psychoth\u00e9rapie Yutz - P\u00f4le Equilibre&amp;Sant\u00e9 de Yutz - Thionville","robots":{"index":"index","follow":"follow","max-snippet":"max-snippet:-1","max-image-preview":"max-image-preview:large","max-video-preview":"max-video-preview:-1"},"canonical":"https:\/\/pes-moselle.fr\/yutz\/consultation-psychotherapie-yutz\/","og_locale":"fr_FR","og_type":"article","og_title":"Consultation Psychoth\u00e9rapie Yutz - P\u00f4le Equilibre&amp;Sant\u00e9 de Yutz - Thionville","og_url":"https:\/\/pes-moselle.fr\/yutz\/consultation-psychotherapie-yutz\/","og_site_name":"P\u00f4le Equilibre&amp;Sant\u00e9 de Yutz - Thionville","article_modified_time":"2020-05-21T22:17:14+00:00","twitter_card":"summary_large_image","twitter_misc":{"Dur\u00e9e de lecture estim\u00e9e":"4 minutes"},"schema":{"@context":"https:\/\/schema.org","@graph":[{"@type":"WebPage","@id":"https:\/\/pes-moselle.fr\/yutz\/consultation-psychotherapie-yutz\/","url":"https:\/\/pes-moselle.fr\/yutz\/consultation-psychotherapie-yutz\/","name":"Consultation Psychoth\u00e9rapie Yutz - P\u00f4le Equilibre&amp;Sant\u00e9 de Yutz - Thionville","isPartOf":{"@id":"https:\/\/pes-moselle.fr\/yutz\/#website"},"datePublished":"2015-10-07T15:51:26+00:00","dateModified":"2020-05-21T22:17:14+00:00","breadcrumb":{"@id":"https:\/\/pes-moselle.fr\/yutz\/consultation-psychotherapie-yutz\/#breadcrumb"},"inLanguage":"fr-FR","potentialAction":[{"@type":"ReadAction","target":["https:\/\/pes-moselle.fr\/yutz\/consultation-psychotherapie-yutz\/"]}]},{"@type":"BreadcrumbList","@id":"https:\/\/pes-moselle.fr\/yutz\/consultation-psychotherapie-yutz\/#breadcrumb","itemListElement":[{"@type":"ListItem","position":1,"name":"Accueil","item":"https:\/\/pes-moselle.fr\/yutz\/"},{"@type":"ListItem","position":2,"name":"Consultation Psychoth\u00e9rapie Yutz"}]},{"@type":"WebSite","@id":"https:\/\/pes-moselle.fr\/yutz\/#website","url":"https:\/\/pes-moselle.fr\/yutz\/","name":"P\u00f4le Equilibre&amp;Sant\u00e9 de Yutz - Thionville","description":"","potentialAction":[{"@type":"SearchAction","target":{"@type":"EntryPoint","urlTemplate":"https:\/\/pes-moselle.fr\/yutz\/?s={search_term_string}"},"query-input":{"@type":"PropertyValueSpecification","valueRequired":true,"valueName":"search_term_string"}}],"inLanguage":"fr-FR"}]}},"_links":{"self":[{"href":"https:\/\/pes-moselle.fr\/yutz\/wp-json\/wp\/v2\/pages\/1839","targetHints":{"allow":["GET"]}}],"collection":[{"href":"https:\/\/pes-moselle.fr\/yutz\/wp-json\/wp\/v2\/pages"}],"about":[{"href":"https:\/\/pes-moselle.fr\/yutz\/wp-json\/wp\/v2\/types\/page"}],"author":[{"embeddable":true,"href":"https:\/\/pes-moselle.fr\/yutz\/wp-json\/wp\/v2\/users\/1"}],"replies":[{"embeddable":true,"href":"https:\/\/pes-moselle.fr\/yutz\/wp-json\/wp\/v2\/comments?post=1839"}],"version-history":[{"count":4,"href":"https:\/\/pes-moselle.fr\/yutz\/wp-json\/wp\/v2\/pages\/1839\/revisions"}],"predecessor-version":[{"id":2599,"href":"https:\/\/pes-moselle.fr\/yutz\/wp-json\/wp\/v2\/pages\/1839\/revisions\/2599"}],"wp:attachment":[{"href":"https:\/\/pes-moselle.fr\/yutz\/wp-json\/wp\/v2\/media?parent=1839"}],"curies":[{"name":"wp","href":"https:\/\/api.w.org\/{rel}","templated":true}]}}